360a50 (base 11) to base 5
121303024
Convert 600638 (base 9) to base 4.
1112213333
Convert -1581036 (base 14) to base 15.
-dce986
Convert 101001202220 (base 3) to base 4.
300113223
11322232033 (base 4) to base 10
1551247
Convert -4243 (base 9) to base 13.
-155a
987898 (base 14) to base 11
2a10317
Convert 154123505 (base 6) to base 2.
1100100000000101000001
What is -4411522 (base 6) in base 13?
-78b57
4120022 (base 6) to base 5
22301011
Convert -32136733 (base 8) to base 14.
-ca9827
Convert 4722a (base 15) to base 2.
110111010100110111
Convert -14077623 (base 8) to base 5.
-1303202022
What is 655a11 (base 11) in base 13?
2a8974
-1520111 (base 8) to base 4
-1222001021
782738 (base 9) to base 3
212202211022
-25826d (base 16) to base 7
-26615553
What is -778 (base 11) in base 5?
-12212
35002220 (base 6) to base 12
439370
What is -39978 (base 10) in base 4?
-21300222
501458 (base 10) to base 15
9d8a8
Convert 202110030 (base 4) to base 13.
4bc90
Convert -c6205 (base 14) to base 10.
-477853
Convert -135042 (base 8) to base 5.
-3011100
Convert -303272 (base 10) to base 14.
-7c744
Convert -354b8 (base 12) to base 16.
-1178c
Convert 2121020100010 (base 3) to base 8.
5214036
What is -24431314 (base 6) in base 10?
-781822
What is 122c9 (base 14) in base 6?
541521
1454054 (base 6) to base 9
138707
What is 205333 (base 10) in base 8?
621025
111202112101210 (base 3) to base 5
3333003030
Convert 1341221233 (base 5) to base 8.
15147322
What is 1055261 (base 8) in base 3?
112111102221
What is 3113153 (base 7) in base 5?
43421041
What is 2bbc9 (base 14) in base 6?
2202125
Convert -34a4407 (base 11) to base 6.
-334552104
Convert -4666926 (base 10) to base 6.
-244010050
203024440 (base 5) to base 16
caa2b
Convert -62791 (base 13) to base 9.
-288784
Convert 288818 (base 12) to base 11.
423892
Convert -29222 (base 12) to base 9.
-86578
12414 (base 7) to base 3
11112000
31140400 (base 5) to base 12
103ba5
Convert 1220110210 (base 3) to base 10.
37524
What is -796526 (base 12) in base 8?
-7314156
What is -1001101010001100111101 (base 2) in base 3?
-11202122110121
-101100111100110100 (base 2) to base 11
-116369
465256 (base 8) to base 12
777a6
What is -130235140 (base 6) in base 10?
-2540004
-44126 (base 9) to base 12
-14b29
Convert 454354 (base 8) to base 5.
14410321
-45654413 (base 8) to base 11
-56650a9
-10460614 (base 8) to base 13
-60b76a
Convert 30001423 (base 5) to base 9.
386741
What is 63635412 (base 8) in base 13?
2a76845
Convert -11440201414 (base 5) to base 3.
-221120222000101
Convert -3702119 (base 11) to base 2.
-11000100101011100101011
What is -3783301 (base 9) in base 6?
-112113001
What is -3451404 (base 8) in base 16?
-e5304
Convert -1445300 (base 6) to base 12.
-40830
Convert -112012202021221 (base 3) to base 4.
-130310011213
1222222120000 (base 3) to base 11
666352
What is -19c59 (base 14) in base 7?
-362042
What is -40517a (base 11) in base 2?
-10011110111100111011
-290162a (base 13) to base 7
-215325336
-1047601 (base 8) to base 13
-9b777
What is -22201221202201 (base 3) in base 13?
-c67c00
What is dda5 (base 14) in base 3?
1221121221
Convert 101110100010111111101010 (base 2) to base 7.
205500143
What is -217062 (base 9) in base 13?
-47120
What is -2d033 (base 14) in base 13?
-3c2c8
Convert -110011101001111111 (base 2) to base 7.
-1540601
-10002021201200 (base 3) to base 4
-12100032123
221087 (base 9) to base 2
100000001110111100
Convert -1571b (base 16) to base 7.
-514036
Convert -223413014 (base 5) to base 6.
-33215500
What is -5998723 (base 10) in base 14?
-b221a3
What is -544020434 (base 6) in base 16?
-941ec6
Convert -27a40 (base 11) to base 4.
-21232231
What is 276737 (base 8) in base 16?
17ddf
-101100110011011111101 (base 2) to base 4
-11212123331
What is -8418b0 (base 14) in base 7?
-52626010
What is 6426000 (base 7) in base 6?
24415010
What is cea77 (base 15) in base 12?
278334
Convert 122131030 (base 4) to base 10.
108364
2267890 (base 10) to base 13
615361
Convert -175004 (base 11) to base 4.
-1001331311
What is 95827 (base 10) in base 12?
47557
-1031341034 (base 5) to base 4
-20130303220
Convert 22021222021 (base 3) to base 5.
20211101
What is -1010110000001011 (base 2) in base 12?
-215a3
-2a78375 (base 11) to base 14
-9b1776
-7986 (base 12) to base 15
-3ee9
What is -1302434214 (base 5) in base 4?
-30012031300
Convert 3422442 (base 5) to base 2.
1110111001000101
Convert 3516272 (base 8) to base 13.
276b57
100121001202 (base 3) to base 8
560672
What is -2001332231 (base 4) in base 3?
-1000001022102
What is -46014432 (base 7) in base 12?
-14111b6
What is f4bee (base 16) in base 4?
3310233232
Convert -28c133 (base 13) to base 15.
-14a8ee
Convert -10021221101 (base 3) to base 9.
-107841
-1211010330 (base 4) to base 9
-700823
What is 524335151 (base 6) in base 13?
1b92299
76565 (base 8) to base 4
13311311
What is -1302721 (base 8) in base 9?
-611432
Convert -4270b (base 13) to base 3.
-20002101020
What is 28208732 (base 9) in base 8?
65136350
What is -cd87ca (base 14) in base 8?
-32472436
What is -1001111110001001100 (base 2) in base 12?
-1390b8
What is -24a2cb (base 14) in base 4?
-10302331223
-10042011 (base 5) to base 14
-21693
Convert -1054434 (base 7) to base 8.
-400257
Convert 61b864 (base 16) to base 9.
13040813
100111001110010100111 (base 2) to base 6
43314223
103032120312 (base 4) to base 7
60556626
Convert 174644a (base 11) to base 13.
7cb044
Convert -10111000101000110101000 (base 2) to base 8.
-27050650
What is -230260 (base 8) in base 15?
-181a0
Convert -23742351 (base 8) to base 2.
-10011111100010011101001
What is -3033215 (base 6) in base 13?
-50a71
What is 241410414 (base 5) in base 12?
4617a9
-341302 (base 5) to base 6
-131525
Convert -104121442 (base 5) to base 16.
-6fc13
8d107 (base 15) to base 16
6da53
Convert 115433 (base 7) to base 15.
63e8
What is 303040103 (base 7) in base 15?
183ba8b
What is -132340 (base 9) in base 8?
-235125
What is -2214341234 (base 5) in base 8?
-22355402
Convert 10123230113 (base 5) to base 7.
154060021
Convert 39a563 (base 11) to base 2.
10011001100010101010
-395280 (base 11) to base 5
-124400112
-c2c07 (base 13) to base 8
-1251751
Convert -5634 (base 7) to base 15.
-909
What is 1001001201112 (base 3) in base 9?
1031645
What is 11acf (base 16) in base 15?
166b9
Convert -877986 (base 12) to base 8.
-10145666
What is 34c35 (base 13) in base 12?
47a53
10001011000011101 (base 2) to base 10
71197
-1000001000011110001 (base 2) to base 3
-111112112200
-420145453 (base 6) to base 9
-14644446
Convert -24606a1 (base 11) to base 7.
-51226333
What is 1021012100220 (base 3) in base 5?
133020014
832d9 (base 14) to base 7
2454462
What is -100100101101101011000011 (base 2) in base 4?
-210231223003
Convert -32b068 (base 14) to base 11.
-a75774
Convert 2935d (base 16) to base 4.
221031131
-3200313030 (base 4) to base 3
-1201210102110
What is -6505374 (base 10) in base 3?
-110020111200210
-22303131 (base 5) to base 14
-51c83
Convert -12030540 (base 6) to base 16.
-5c1fc
What is 644451 (base 7) in base 11?
77204
-43443152 (base 8) to base 4
-203210121222
What is 1001100111011001111 (base 2) in base 9?
530186
What is 143354223 (base 6) in base 8?
13250747
10311133 (base 5) to base 11
60377
Convert 505711 (base 9) to base 2.
1001001000111001011
23308d (base 15) to base 12
690897
Convert -404222221 (base 5) to base 9.
-3057714
-200201110212 (base 3) to base 5
-43242432
Convert -10110111101100111111110 (base 2) to base 11.
-3441668
24a414 (base 11) to base 16
604eb
What is -51152160 (base 7) in base 2?
-10000010001001111111001
Convert -265334 (base 8) to base 10.
-92892
Convert 2023654 (base 7) to base 8.
727466
-5eb485 (base 15) to base 14
-863c75
Convert 12302431 (base 6) to base 14.
a4a55
Convert -495ab9 (base 12) to base 15.
-188383
Convert 21442252 (base 6) to base 8.
2350430
What is -13387a (base 12) in base 7?
-2461366
Convert 101443430 (base 5) to base 8.
1467554
2b48b (base 14) to base 16
1a593
What is 43234144 (base 6) in base 14?
254704
What is 1011822 (base 9) in base 4?
2003230013
-11101100000100100111001 (base 2) to base 7
-122515540
What is 211010011112010 (base 3) in base 12?
3b2a140
332033132 (base 4) to base 16
3e3de
Convert 98011 (base 14) to base 4.
1121301133
-313300233 (base 5) to base 12
-52